*n, -4*n + 69 = 3*u. Calculate the highest common factor of n and y.
21
Let k(i) = i**3 - 24*i**2 + 57*i + 29. Let p be k(22). What is the highest common divisor of 18 and p?
9
Let c = -113 + 129. Suppose c*g + g = 578. Calculate the highest common factor of 2 and g.
2
Let g(u) = -u**3 - u**2 - u + 2. Let k be g(0). Let y(a) = 10*a + a**2 - 2*a**k - 65 + 77. Let l be y(9). What is the greatest common factor of 3 and l?
3
Let i = -9172 - -9190. Let c = 6 - 4. Suppose -w - 126 = -c*w. What is the highest common factor of i and w?
18
Let h = -159 - -233. What is the highest common divisor of 333 and h?
37
Suppose 60*r = 65*r - 5*y - 80, r - 8 = 3*y. What is the greatest common divisor of 600 and r?
20
Let i be ((-3)/(-6)*-6)/(-1). Suppose 34 = i*t + 5*u, -4*u + 2 = -0*t + t. Calculate the highest common factor of t and 162.
18
Let g be ((-28)/16)/((-11)/88). What is the highest common divisor of 70 and g?
14
Let z(s) = 9*s**3 - s**2 + 4*s - 6. Let i be z(2). What is the highest common factor of 224 and i?
14
Let m(h) = -4*h + 8. Let v be m(-6). Suppose 4*r + 24 = p, 3*p + 44*r = 42*r + 2. Calculate the highest common divisor of v and p.
4
Let w(q) = q**2 - q - 1. Let i be w(4). Let t(o) = 23*o**2 + 3*o + 2. Let j be t(-2). Calculate the greatest common divisor of j and i.
11
Let a(t) = t**2 - 2*t - 2. Let j be a(2). Let u be 21/35 + j/(-5). Suppose u = k - 12. What is the greatest common divisor of k and 52?
13
Suppose -36 = -0*i - 3*i. Let t = -4 + 12. Suppose -2*k + 0*d = 5*d - t, 5*d = 0. What is the highest common divisor of i and k?
4
Let i be 8 + 1 + 150 + -60. Calculate the greatest common divisor of 63 and i.
9
Let i = 140 - 72. What is the highest common factor of 170 and i?
34
Suppose -171 = 216*b - 225*b. What is the greatest common divisor of b and 76?
19
Let a(x) = x**2 + 14*x + 44. Let o be a(-10). Let u be (-18)/(-8)*((-80)/(-12) - o). What is the greatest common divisor of 9 and u?
3
Suppose -207 = -35*b + 1158. What is the greatest common factor of 1131 and b?
39
Suppose -2*b = 2*c - 12, 0*c + 4 = c. Suppose -5*q + 2*w = -252, 5*q = -0*q - b*w + 268. Suppose -20 = -4*n + q. What is the highest common divisor of 18 and n?
18
Let z(h) = -8*h + 0*h**2 + 0*h**2 - 3 - 11 - h**2. Let q be z(-6). Let x be (-1)/(-2 - -3)*q. Calculate the highest common divisor of x and 2.
2
Let r be 26/3 + 3/9. Let g(m) = m. Let b be g(r). Let o = -5 - -32. Calculate the greatest common factor of o and b.
9
Let r(s) = -36*s - 19. Let n be r(-5). Suppose -4*g - 92 - 132 = -3*l, 2*l - 5*g - n = 0. What is the highest common factor of 102 and l?
34
Let s be (-4)/(-14) - 19/(-7). Suppose -o = s*o + 5*m - 105, 0 = -5*o + m + 95. Calculate the greatest common factor of o and 140.
20
Let s = -1 + 6. Suppose -21 = 2*g - s*g. Calculate the highest common divisor of 77 and g.
7
Suppose 0 = 5*t - 2*t - 9, 0 = -4*j - 5*t - 73. Let r = j + 66. Let s be 2/(-2) + 0 + 5. What is the highest common divisor of r and s?
4
Let v be (-1)/(1/(-11)*1). Suppose 4*b = b - 5*i + v, b - 5 = -i. Suppose -s = s - 2. What is the highest common factor of b and s?
1
Let c(w) = -2*w**2 - 11*w + 17. Let k be c(-6). Calculate the greatest common divisor of 19 and k.
1
Suppose 0 = -u - 5*q - 12, 2 = u - 2*q - 7. Let g be 2/u + (-68)/(-6). Let l = 170 - 164. Calculate the highest common divisor of l and g.
6
Let y = -19 - -17. Let r(s) = s**3 - 2*s**2 - 1. Let c be r(y). Let a = -12 - c. What is the greatest common factor of 5 and a?
5
Let s be 0 - -5 - 21/(315/(-60)). Suppose r + 5*v - 129 = 0, -4*r + 337 = -2*v - 245. What is the greatest common factor of r and s?
9
Suppose 5*b - 4*u - 271 = 0, -4*u - 33 - 18 = -b. What is the greatest common factor of b and 11?
11
Suppose -8 = 4*x, b + 3*b + 2*x - 96 = 0. Let i(o) = -17*o + 2. Let j be i(3). Let c = j + 74. Calculate the greatest common divisor of c and b.
25
Suppose 2555 + 573 = 17*k. Calculate the greatest common divisor of 46 and k.
46
Let v(j) = j**3 - 2*j**2 - 3*j + 7. Let n be v(3). Let i be (-93 + (4 - n))/(-1). Calculate the highest common factor of i and 32.
32
Suppose q = -3*q + 240. Suppose -5*g + 83 = 3*z - 0*z, 4*g - 4*z - q = 0. Let h be 294/18 - 1/3. Calculate the greatest common divisor of h and g.
16
Let s(j) = 15 - 3 + 5 + 6 - 24*j. Let y be s(-7). Let b = -89 + y. Calculate the highest common divisor of b and 17.
17
Let n be (-20)/60*-18*1. What is the greatest common divisor of 135 and n?
3
Let u(r) = -8*r + 4. Let s = 5 + -9. Let q be u(s). Suppose 23 = 5*x + 4*y - y, q = 4*x - 2*y. What is the highest common divisor of 7 and x?
7
Let j(i) = i**3 + 2*i**2 - 3*i + 1. Let h be j(4). Let s = h + 235. Suppose -3*y + 8*y = s. What is the greatest common divisor of y and 8?
8
Let t(v) = -v + 37. Suppose 0 = 3*o + q - 55, 0*o - 31 = -3*o + 5*q. Let j be t(o). What is the greatest common factor of j and 70?
10
Suppose 16*k = 42 + 22. What is the greatest common divisor of k and 76?
4
Let o = 128 - 53. Calculate the highest common factor of o and 3.
3
Let m(n) = -n**2 + 26*n + 159. Let u be m(26). What is the highest common divisor of 2 and u?
1
Suppose -s + 2 = -0, -2*s = -2*d - 2. What is the highest common factor of 31 and d?
1
Let m = 3 - -1. Suppose 0 = -m*t + 48. Suppose 7*s - 12*s + 540 = 0. What is the highest common factor of s and t?
12
Let q be (4 + 0)/((-2)/1). Let g be 12/8*q/(0 + -1). What is the greatest common factor of g and 12?
3
Let d be 6 - (3656/(-7) + 108/378). What is the greatest common factor of d and 192?
48
Let s = -908 + 925. Let f = -3 + 14. Let v = s - f. Calculate the highest common divisor of v and 24.
6
Let b(u) = u + 23. Let g be b(-17). Suppose n = g*n + 65. Let c(y) = -4*y - 26. Let z be c(n). What is the greatest common factor of 104 and z?
26
Let c(d) = 2*d**3 + 3*d**2 + d + 28. Let o be c(4). Let f = -24 + 40. What is the greatest common divisor of f and o?
16
Suppose -2*k = -0*k - 180. Let s(o) = 6*o - 27. Let g be s(6). Calculate the greatest common divisor of g and k.
9
Let b = -50 + 71. Suppose -3*s + b = -33. Let n be 634/14 + (-4)/14. Calculate the highest common divisor of n and s.
9
Let o(d) = -10*d + 13. Let n be o(-4). Let u = -35 + n. What is the highest common factor of u and 42?
6
Suppose 264 = 49*u - 43*u. What is the highest common factor of u and 374?
22
Suppose 0*x = 4*x + z - 368, 4*x = 5*z + 344. Calculate the highest common factor of 13 and x.
13
Let m be 5 - 2296/(-32) - 5/(-4). Calculate the greatest common factor of m and 130.
26
Let h be -805*4/4 - -1. Let g be h/(-30) - (-2)/10. Let f(n) = n**2. Let q be f(-3). What is the greatest common divisor of g and q?
9
Let a(m) = 4*m - 44. Let l be a(18). Calculate the highest common divisor of l and 196.
28
Let b = 7 - 4. Let o(a) = a**2 + 9*a - 10. Let n be o(-11). What is the greatest common factor of b and n?
3
Let z = -18 + 30. Let b = 22 - z. Let p be (-9)/(8/b - 1). Calculate the highest common factor of p and 18.
9
Let s be ((-18)/7)/(1*(-5)/35). What is the highest common divisor of 24 and s?
6
Suppose -38*s + 1369 = -4331. Calculate the greatest common factor of s and 60.
30
Suppose 5*c - x - 5 - 5 = 0, -c = 2*x - 13. Suppose -4*a + 52 = -c*a. What is the highest common factor of a and 39?
13
Suppose 3540 = 249*c - 19*c - 1060. Let r(f) = 15*f**2 + 2*f - 1. Let t be r(3). Calculate the greatest common factor of t and c.
20
Let u be 4/(-6) - 1348/(-6). Suppose -5*c - 14 + u = 0. Let r be (-12)/c + 79/7. Calculate the greatest common factor of r and 55.
11
Let a = -563 + 597. Calculate the highest common factor of a and 442.
34
Suppose -5*y + 562 = -143. Calculate the greatest common factor of 94 and y.
47
Suppose -4*d = -12*d + 72. Let b(f) = -9*f. Let l be b(-3). Calculate the highest common factor of l and d.
9
Let v(j) = j**3 - 5*j**2 - 5*j - 4. Let c be v(6). Suppose 0 = -c*k + 59 + 139. Let y be (4 - 1)/((-3)/(-11)). What is the greatest common divisor of y and k?
11
Suppose -50*y = -8066 - 3334. Let n = 56 - 18. What is the greatest common factor of n and y?
38
Suppose -48*m = -51*m - 378. Let f be ((-90)/7)/(27/m). Calculate the highest common divisor of 24 and f.
12
Let d be (-1 + -5)/(6/(-6)). Suppose 4*n = 3*r + 107, 0 = -2*r - 0*r + d. Calculate the greatest common factor of 203 and n.
29
Let g = 